
3
List the prime factors of (-4)/10 + 622/5 + -7.
3, 13
Let n be (2 - -20)/((-6)/(-21)). Suppose 4*d - 11 = n. List the prime factors of d.
2, 11
Let n be (-3)/2*(5 + -7). Suppose -2*i + 26 = -4*m, n*i - 51 = m + 13. List the prime factors of i.
23
Suppose -14 = -3*j - t + 2, -5*j + t + 16 = 0. Suppose 5*v + 91 = j*g, g = -4*v + 34 + 15. List the prime factors of g.
29
Suppose 0 = -a - 7 - 7. Let l = -7 - a. What are the prime factors of l?
7
Suppose 719 = 2*x - j + 2*j, j + 5 = 0. What are the prime factors of x?
2, 181
Let w = -2148 - -1434. Let u be w/66 - (-4)/(-22). What are the prime factors of -2 - u - (-1 - -2)?
2
Let m = 2 + 42. Suppose o = 3*o - m. Suppose 3*f + p = o + 12, 4*p = -5*f + 66. What are the prime factors of f?
2, 5
Suppose -5*r + 25 = 3*j, -3*r + 20 = 2*j + r. Suppose j*k = -5*k + 135. List the prime factors of k.
3
Let v(x) = 8*x + 4 + 3*x**2 - 4*x**2 + 2*x**2. Let o be v(-6). List the prime factors of o/6*(-27)/6.
2, 3
Let a(f) = f - 3. Suppose 5 = 3*n - 16. What are the prime factors of a(n)?
2
Suppose 0 = -2*n - 4*u + 120, 4*n + 3*u - 196 - 69 = 0. List the prime factors of n.
2, 5, 7
List the prime factors of (-135)/(-18)*328/10.
2, 3, 41
Suppose 0*v - 3*v + 21 = -3*o, v + o = 1. Let d = v - 0. Suppose 4*l + 31 = 3*h + 3*l, d*l - 36 = -4*h. List the prime factors of h.
2, 5
Let m = 8 - 6. Suppose 25 = 7*a - m*a. List the prime factors of a.
5
Suppose 0 = -2*z + a + 53, 0*z + 2*a = -z + 34. Suppose 0 = 2*s - 60 - z. What are the prime factors of s?
2, 11
Suppose -130 - 26 = 4*o. Let n = -7 - o. What are the prime factors of n?
2
Let k be 48/9 - 2/6. Suppose k*g - 14 + 4 = 0. What are the prime factors of g?
2
Let o(r) = -r**2 - 6*r - 4. Let p be o(-4). Let z = -10 + 16. Suppose 2*i = -p*j - z, -3*i - j = -4*j - 18. List the prime factors of i.
3
Suppose -12 + 4 = -d. What are the prime factors of d?
2
Let n(i) = -2*i - 13. List the prime factors of n(-8).
3
Suppose -2*t + 56 = 2*t - 4*r, 5*t - 86 = -3*r. List the prime factors of t.
2
Suppose 0*t - 32 = -2*t. Suppose 3*r - t = 4*l, 3*r - 2*r + 4*l = -16. Suppose -x = -2 - r. What are the prime factors of x?
2
Let z = -5 - -5. Let y(x) = -x + 3. Let a be y(z). What are the prime factors of (1 - a - 15)/(-1)?
17
Let x(o) be the second derivative of 3*o**5/20 - o**4/4 + o**3/2 - o**2/2 - o. Let c be x(2). Suppose c = 3*z - 4. List the prime factors of z.
7
Let p(i) = i**2 - 9*i. Let m be p(9). Suppose -3*s = -2*f + 27, 5*f + 6*s - 2*s - 33 = m. What are the prime factors of f?
3
Let l(i) = i**2 + 10*i + 4. Let a be l(-9). Let x(y) = -y + y - 6 + y**2 + 2*y. List the prime factors of x(a).
3
Let c = 0 - -4. Suppose a + 15 = c*w, -5*w = 3*a - 2*a - 12. Suppose 4*s = u + 25, s = -0*s - 3*u + w. List the prime factors of s.
2, 3
Suppose 58 + 12 = 5*q + 4*o, 0 = -3*o + 15. Let a(b) = 4*b**2 + b - 2. Let w be a(0). Let r = q - w. What are the prime factors of r?
2, 3
Let o(b) be the first derivative of -b**4/4 + 2*b**3 - 2*b**2 + 5*b - 1. Let d = 49 + -44. List the prime factors of o(d).
2, 5
Let f = -29 - -48. What are the prime factors of f?
19
Suppose 0 = -4*y + 4 + 4. Suppose -r - y + 4 = 0. List the prime factors of ((-11)/r)/((-3)/6).
11
Suppose 0*o - 4*o + 4 = 0, 0 = 3*m - 4*o - 2. Suppose -w - 59 = -5*x, m*x + 3*x = -2*w + 62. List the prime factors of x.
2, 3
Let z = 170 - 65. List the prime factors of z.
3, 5, 7
Let p(v) = v**2 + 13*v - 5. Let q be p(-14). Let c = q + 5. List the prime factors of c.
2, 7
Suppose 0*b - 4*b - 20 = 0. Let l be (-2)/b + (-24)/(-15). Suppose l*w = -2 + 22. What are the prime factors of w?
2, 5
Let r(o) = o - 1. Suppose 2 = -w + 12. What are the prime factors of r(w)?
3
Suppose 6*x - 113 = 199. List the prime factors of x.
2, 13
Let i be (6/5)/((-2)/(-10)). Let o = 4 - i. What are the prime factors of (o/2)/(4/(-28))?
7
Suppose 0 = 2*x + 4*k - 24, 7*x - 4*x - 5*k + 19 = 0. Suppose 2*s - s + x = 0. What are the prime factors of (0 - (-4)/(-1))/s?
2
Suppose k + 315 = 3*g + 3*k, -4*g = -3*k - 403. List the prime factors of g.
103
Let w(u) = -2*u + 1. Let o be w(-1). Let l(g) = g**2 + g + 0*g - o*g. List the prime factors of l(4).
2
Suppose 2*f - 59 = 1. Suppose 10 + f = 4*y. Suppose 4*s - 6 = y. What are the prime factors of s?
2
Let z(a) = a**2 - 5*a - 13. What are the prime factors of z(8)?
11
Let x = 15 - 11. Suppose -2*w + 18 = -x*w. Let n = -3 - w. List the prime factors of n.
2, 3
Suppose -30 = z - 35. Suppose i + 50 = 5*a, 4*i = z*a - 2 - 33. List the prime factors of a.
11
Let q be 11*5*8/(-20). Let a = q + 58. List the prime factors of a.
2, 3
Let u(n) = n**2 - 2*n - 3. Let o = -17 + 21. What are the prime factors of u(o)?
5
Suppose -4*z = 5*y - 33, 3*y - 6 = 2*z + y. Suppose 4 = 4*u + 3*h + h, -z = h. List the prime factors of u.
3
Let g be (-3)/(0 - 15/(-50)). Let s be 17 + 2 - (0 - 1). Let y = s + g. List the prime factors of y.
2, 5
Let u be -5 - (3 - 1) - -2. Let x(s) be the first derivative of -s**3/3 - 5*s**2/2 + 3*s + 1. What are the prime factors of x(u)?
3
Suppose -2*q - 25 = -7*q. Suppose o - 4*s - 50 = -4*o, 4*o - 40 = q*s. Suppose 2*j = o - 2. What are the prime factors of j?
2
Let r(z) = -z - 6. Let f be r(-14). Let h(s) = s**2 + 6*s - 4. Let u be h(-6). List the prime factors of 2/f + (-19)/u.
5
Let k be (2/(-4))/(2/(-16)). Suppose -k*h - 44 = -12. Let p(y) = -y + 4. List the prime factors of p(h).
2, 3
What are the prime factors of -4 + (-2924)/(-20) + (-1)/5?
2, 71
Let m(d) = 48*d**3 + 13*d**2 + 9*d + 5. Let g(q) = 4*q**2 + 5*q - 3*q + 12*q**3 + 1 - q**2. Let z(f) = -9*g(f) + 2*m(f). List the prime factors of z(-1).
2, 3
Let g = -5 - -3. Suppose -b + d + 13 = b, 0 = 2*b + 5*d + 5. Let p = g + b. What are the prime factors of p?
3
Suppose 4*q - 5 = 3, 0 = 5*x + 5*q - 40. Suppose m = 2*m - x. List the prime factors of m.
2, 3
Suppose 4*c + 4*i = 227 + 61, -4*c + 3*i + 295 = 0. Let y = 110 - c. Suppose y + 2 = 3*o. What are the prime factors of o?
13
What are the prime factors of 3*(-8)/(-6) + 66*1?
2, 5, 7
Let a = -129 - -92. Let w = -18 - a. What are the prime factors of w?
19
Suppose 2*s = 4*d - 82, 8 = -3*s + 23. What are the prime factors of d?
23
Suppose 3*s - 975 = 3*q, 0 - 12 = -4*q. List the prime factors of s.
2, 41
Suppose 4*v = 77 + 575. Suppose 9 = 4*s - v. List the prime factors of s.
43
Let y be 102/(-9)*15/(-2). Suppose -68 = -2*n - 4*q, 2*n + q - y = -5. What are the prime factors of n?
2, 3, 7
Let c be 2/(-9) - 120/(-54). Suppose -5 + 45 = 5*z. Let q = z - c. What are the prime factors of q?
2, 3
Let u(r) = -36*r**2 + r - 1. Let x(f) = -143*f**2 + 5*f - 4. Let z(j) = -9*u(j) + 2*x(j). What are the prime factors of z(-1)?
2, 19
Suppose -c = 4*y - 23, y - 32 = -c - 3*c. Let x = -40 - c. Let n = -32 - x. List the prime factors of n.
3, 5
Suppose -5*v = 2*b - 735 - 1153, 5*v + 3*b - 1892 = 0. What are the prime factors of v?
2, 47
Let r = 53 + -91. What are the prime factors of (1 + r)*(5 - 6)?
37
Suppose c + 48 = 118. List the prime factors of c.
2, 5, 7
Let a be 56/10 - (-6)/15. Let p = 6 - 2. List the prime factors of 3/(a/p)*2.
2
Let j(n) = 5*n**2 - 9*n + 12. List the prime factors of j(6).
2, 3, 23
Let t(o) = -2*o - 6. Suppose 0 = -r - 4*k + 11, 2*k = -3*r + 9 - 26. List the prime factors of t(r).
2, 3
Suppose -26 - 11 = -p. List the prime factors of p.
37
Let u(o) = -o**2 - 5*o + 7. Let l be u(-8). Let i = 29 + l. What are the prime factors of i?
2, 3
Suppose -s - 1 = -3. Let h(p) = -p**3 + 3 + 2*p**s - 1 + 5*p**2. What are the prime factors of h(7)?
2
Let n(f) = f**2 - 9*f + 7. Let q be n(11). Let d = -14 + q. List the prime factors of d.
3, 5
Let h be 2/7 + 19/7. Suppose y = -h + 18. What are the prime factors of y?
3, 5
Let j be (-3 - -3)/((-3)/3). Let d(l) = -l**3 + 14. List the prime factors of d(j).
2, 7
Let h(d) = -d**3 + 7*d**2 - 5*d + 6. Let a(l) = 2*l - 8. Let j be a(7). Let q be h(j). Suppose -q - 6 = -3*s. List the prime factors of s.
2, 3
Suppose -15 = -3*q - 0*q. Suppose -5*z = -4*s - 13, 0 = z - q*z - 4*s + 32. Suppose -z*l = 5*i - 35, l - 12 = -l - i. What are the prime factors of l?
5
Suppose 6*h - 4*h = -24. Suppose 3*s + 12 = 7*s. List the prime factors of s/h + (-41)/(-4).
2, 5
Suppose 3*g + 41 = 4*g. What are the prime factors of g?
41
Suppose 2*k = 6*k - 88. Let a = -5 + 